ime factors of 217518.
2, 3, 7, 5179
List the prime factors of 127652.
2, 7, 47, 97
What are the prime factors of 12577054?
2, 7, 898361
List the prime factors of 229852.
2, 7, 8209
List the prime factors of 189395.
5, 37879
List the prime factors of 2189514.
2, 3, 364919
List the prime factors of 639666.
2, 3, 35537
List the prime factors of 411210.
2, 3, 5, 1523
List the prime factors of 1673512.
2, 209189
What are the prime factors of 3537611?
7, 11, 45943
List the prime factors of 84346.
2, 181, 233
What are the prime factors of 697522?
2, 7, 49823
List the prime factors of 18341830.
2, 5, 13, 199, 709
List the prime factors of 4054.
2, 2027
List the prime factors of 649161.
3, 24043
What are the prime factors of 2670078?
2, 3, 107, 4159
List the prime factors of 1125922.
2, 7, 11489
List the prime factors of 71712.
2, 3, 83
List the prime factors of 2737374.
2, 3, 17, 47, 571
List the prime factors of 457910.
2, 5, 29, 1579
What are the prime factors of 4871305?
5, 974261
What are the prime factors of 1139?
17, 67
List the prime factors of 15561224.
2, 7, 53, 107
List the prime factors of 6926366.
2, 3463183
List the prime factors of 23892469.
23, 1038803
List the prime factors of 7454514.
2, 3, 1242419
What are the prime factors of 197378?
2, 98689
What are the prime factors of 5349656?
2, 13, 51439
List the prime factors of 480917.
181, 2657
List the prime factors of 2002158.
2, 3, 17, 727
List the prime factors of 4152539.
17, 29, 8423
What are the prime factors of 131675?
5, 23, 229
What are the prime factors of 2023355?
5, 404671
What are the prime factors of 2692629?
3, 31, 3217
List the prime factors of 3616597.
17, 229, 929
What are the prime factors of 2385204?
2, 3, 113, 1759
List the prime factors of 1757484.
2, 3, 16273
What are the prime factors of 1335333?
3, 17, 26183
What are the prime factors of 3862628?
2, 7, 11, 12541
What are the prime factors of 9904720?
2, 5, 7, 23, 769
What are the prime factors of 388804?
2, 13, 7477
List the prime factors of 104790.
2, 3, 5, 7, 499
What are the prime factors of 619945?
5, 123989
What are the prime factors of 706457?
47, 15031
What are the prime factors of 8777158?
2, 13, 337583
List the prime factors of 21883171.
569, 38459
List the prime factors of 917657.
13, 70589
What are the prime factors of 1360130?
2, 5, 136013
What are the prime factors of 2042721?
3, 263, 863
List the prime factors of 22787442.
2, 3, 1265969
What are the prime factors of 4102830?
2, 3, 5, 45587
List the prime factors of 91257.
3, 19, 1601
List the prime factors of 15340795.
5, 3068159
What are the prime factors of 223183?
53, 4211
What are the prime factors of 788748?
2, 3, 65729
What are the prime factors of 30234?
2, 3, 5039
List the prime factors of 3760830.
2, 3, 5, 4643
What are the prime factors of 1979737?
401, 4937
What are the prime factors of 283296?
2, 3, 13, 227
What are the prime factors of 388433?
17, 73, 313
List the prime factors of 1214893.
271, 4483
What are the prime factors of 4964101?
4964101
List the prime factors of 259093.
109, 2377
What are the prime factors of 681118?
2, 340559
List the prime factors of 2144204.
2, 536051
List the prime factors of 185452.
2, 71, 653
List the prime factors of 416425.
5, 16657
What are the prime factors of 4387105?
5, 17, 51613
What are the prime factors of 697964?
2, 174491
List the prime factors of 659533.
7, 94219
What are the prime factors of 444023?
17, 26119
What are the prime factors of 2462841?
3, 17, 16097
List the prime factors of 111114.
2, 3, 6173
What are the prime factors of 464301?
3, 23, 2243
What are the prime factors of 26662818?
2, 3, 7, 13, 47, 1039
What are the prime factors of 1484211?
3, 494737
What are the prime factors of 796602?
2, 3, 103, 1289
What are the prime factors of 11871256?
2, 1483907
List the prime factors of 5590575.
3, 5, 24847
List the prime factors of 1701173.
17, 100069
What are the prime factors of 20856058?
2, 103, 137, 739
What are the prime factors of 132924?
2, 3, 11, 19, 53
List the prime factors of 84976.
2, 47, 113
What are the prime factors of 97737?
3, 32579
What are the prime factors of 1748861?
73, 23957
What are the prime factors of 119179?
119179
What are the prime factors of 1890774?
2, 3, 17, 37, 167
List the prime factors of 239629.
13, 18433
List the prime factors of 2277552.
2, 3, 23, 2063
What are the prime factors of 2299836?
2, 3, 7, 11, 19, 131
List the prime factors of 3004948.
2, 751237
List the prime factors of 1566948.
2, 3, 130579
What are the prime factors of 297872?
2, 18617
What are the prime factors of 2498470?
2, 5, 13, 19219
List the prime factors of 72179.
89, 811
List the prime factors of 518208.
2, 3, 2699
What are the prime factors of 10012401?
3, 7, 158927
List the prime factors of 409640.
2, 5, 7, 11, 19
List the prime factors of 11521781.
23, 500947
What are the prime factors of 314157?
3, 23, 29, 157
What are the prime factors of 475797?
3, 7, 139, 163
List the prime factors of 1497217.
43, 34819
List the prime factors of 565642.
2, 7, 11, 3673
List the prime factors of 645873.
3, 41, 59, 89
List the prime factors of 235362.
2, 3, 39227
List the prime factors of 130589.
130589
What are the prime factors of 349530?
2, 3, 5, 61, 191
List the prime factors of 5298300.
2, 3, 5, 7, 29
What are the prime factors of 271862?
2, 181, 751
What are the prime factors of 17978055?
3, 5, 1198537
List the prime factors of 165935.
5, 7, 11, 431
What are the prime factors of 910171?
910171
List the prime factors of 321754.
2, 160877
List the prime factors of 11493093.
3, 83, 101, 457
What are the prime factors of 30497393?
503, 60631
List the prime factors of 1402961.
7, 43, 59, 79
List the prime factors of 25194969.
3, 17, 19, 107
What are the prime factors of 344040?
2, 3, 5, 47, 61
What are the prime factors of 2488669?
23, 108203
What are the prime factors of 1201798?
2, 13, 17, 2719
List the prime factors of 202265.
5, 7, 5779
List the prime factors of 1503956.
2, 17, 1301
List the prime factors of 10557588.
2, 3, 879799
What are the prime factors of 2073797?
11, 188527
What are the prime factors of 6512874?
2, 3, 709, 1531
What are the prime factors of 994530?
2, 3, 5, 33151
What are the prime factors of 116169?
3, 38723
What are the prime factors of 11401576?
2, 263, 5419
List the prime factors of 1028224.
2, 29, 277
List the prime factors of 101594.
2, 79, 643
What are the prime factors of 679792?
2, 42487
What are the prime factors of 94506?
2, 3, 19, 829
What are the prime factors of 8603955?
3, 5, 17, 23, 163
What are the prime factors of 1394038?
2, 697019
List the prime factors of 2531640.
2, 3, 5, 17, 73
What are the prime factors of 8920974?
2, 3, 1486829
List the prime factors of 47352.
2, 3, 1973
List the prime factors of 1763884.
2, 19, 23209
List the prime factors of 2452695.
3, 5, 7, 47, 71
What are the prime factors of 3560548?
2, 17, 52361
List the prime factors of 396708.
2, 3, 13, 2543
List the prime factors of 18629462.
2, 19, 490249
What are the prime factors of 480093?
3, 160031
List the prime factors of 5350038.
2, 3, 79, 11287
What are the prime factors of 180966?
2, 3, 30161
What are the prime factors of 439333?
461, 953
List the prime factors of 334143.
3, 137, 271
List the prime factors of 11785.
5, 2357
List the prime factors of 1985722.
2, 992861
What are the prime factors of 267566?
2, 13, 41, 251
List the prime factors of 246282.
2, 3, 41047
List the prime factors of 169254.
2, 3, 9403
List the prime factors of 592399.
17, 34847
List the prime factors of 938423.
23, 40801
What are the prime factors of 3462545?
5, 31, 89, 251
List the prime factors of 4994892.
2, 3, 7, 6607
List the prime factors of 1085581.
7, 155083
What are the prime factors of 207300?
2, 3, 5, 691
What are the prime factors of 5013412?
2, 379, 3307
List the prime factors of 27365.
5, 13, 421
What are the prime factors of 317831?
317831
What are the prime factors of 2022666?
2, 3, 23, 14657
What are the prime factors of 522375?
3, 5, 7, 199
List the prime factors of 262944.
2, 3, 11, 83
What are the prime factors of 12922188?
2, 3, 43, 79, 317
What are the prime factors of 17694?
2, 3, 983
What are the prime factors of 44456056?
2, 23, 307, 787
What are the prime factors of